se 15
-9
What is 30 (base 5) in base 8?
17
135 (base 6) to base 9
65
7 (base 10) to base 2
111
-143 (base 10) to base 13
-b0
Convert -1 (base 8) to base 7.
-1
Convert -3 (base 4) to base 3.
-10
-a (base 14) to base 2
-1010
Convert 10021 (base 3) to base 5.
323
What is 5 (base 8) in base 12?
5
Convert 10 (base 4) to base 7.
4
Convert 20 (base 9) to base 2.
10010
41 (base 6) to base 2
11001
-4 (base 15) to base 5
-4
What is -21 (base 3) in base 2?
-111
What is -4 (base 12) in base 3?
-11
Convert 31 (base 9) to base 10.
28
Convert -57 (base 8) to base 13.
-38
What is 1 (base 7) in base 14?
1
What is 24 (base 9) in base 3?
211
Convert 105 (base 14) to base 12.
149
Convert -1 (base 3) to base 5.
-1
c (base 15) to base 13
c
Convert -2 (base 3) to base 11.
-2
What is 8 (base 13) in base 16?
8
Convert 137 (base 9) to base 12.
97
Convert 33 (base 5) to base 13.
15
-71 (base 10) to base 8
-107
Convert -321 (base 10) to base 14.
-18d
Convert b (base 14) to base 6.
15
What is 10 (base 3) in base 2?
11
Convert 110100 (base 2) to base 11.
48
-3 (base 9) to base 16
-3
Convert 0 (base 16) to base 10.
0
Convert -341 (base 5) to base 4.
-1200
Convert -5 (base 7) to base 10.
-5
0 (base 13) to base 3
0
What is 220 (base 5) in base 8?
74
What is -315 (base 7) in base 2?
-10011111
What is -19 (base 11) in base 5?
-40
-7 (base 8) to base 3
-21
5 (base 10) to base 7
5
Convert c (base 13) to base 11.
11
Convert 21 (base 3) to base 10.
7
1201 (base 4) to base 15
67
Convert -19 (base 11) to base 2.
-10100
What is -83 (base 14) in base 3?
-11021
Convert 3 (base 12) to base 3.
10
Convert 1 (base 16) to base 12.
1
-22 (base 5) to base 12
-10
What is -7 (base 14) in base 5?
-12
What is 2c (base 14) in base 13?
31
25 (base 16) to base 2
100101
What is -1 (base 7) in base 4?
-1
What is -46 (base 14) in base 11?
-57
What is -10001 (base 2) in base 13?
-14
What is -344 (base 5) in base 11?
-90
Convert -7 (base 12) to base 13.
-7
Convert -5 (base 12) to base 11.
-5
-1 (base 9) to base 14
-1
Convert -134 (base 5) to base 14.
-32
What is 2 (base 5) in base 6?
2
-15 (base 9) to base 12
-12
What is -1 (base 15) in base 14?
-1
154 (base 9) to base 4
2002
-1e (base 15) to base 11
-27
Convert 101 (base 5) to base 10.
26
123 (base 5) to base 13
2c
1012 (base 5) to base 13
a2
What is -112 (base 3) in base 2?
-1110
What is -24 (base 9) in base 2?
-10110
-1101 (base 3) to base 2
-100101
What is 2 (base 15) in base 11?
2
What is 84 (base 13) in base 12?
90
-2 (base 13) to base 7
-2
What is 72 (base 12) in base 16?
56
-221 (base 3) to base 16
-19
What is 12 (base 8) in base 9?
11
Convert -1000 (base 2) to base 15.
-8
What is 22 (base 3) in base 4?
20
14 (base 5) to base 4
21
Convert -100 (base 9) to base 11.
-74
-30 (base 7) to base 15
-16
-1 (base 9) to base 6
-1
What is -200 (base 4) in base 6?
-52
-13 (base 16) to base 5
-34
What is -2 (base 15) in base 13?
-2
What is -3 (base 8) in base 16?
-3
What is -20 (base 5) in base 15?
-a
Convert -32 (base 11) to base 13.
-29
What is 55 (base 10) in base 12?
47
Convert 1000100 (base 2) to base 9.
75
Convert -88 (base 9) to base 4.
-1100
5 (base 13) to base 5
10
What is 513 (base 8) in base 16?
14b
17 (base 13) to base 9
22
2 (base 13) to base 4
2
Convert -9 (base 10) to base 16.
-9
-2 (base 11) to base 16
-2
Convert -2 (base 12) to base 9.
-2
-7 (base 16) to base 10
-7
What is 3 (base 15) in base 14?
3
4 (base 10) to base 13
4
-60 (base 15) to base 6
-230
-36 (base 13) to base 11
-41
Convert 50 (base 12) to base 9.
66
What is -33 (base 8) in base 15?
-1c
Convert 5 (base 11) to base 3.
12
-d (base 16) to base 12
-11
Convert -1 (base 4) to base 11.
-1
What is 0 (base 15) in base 8?
0
Convert 5 (base 12) to base 9.
5
Convert -12 (base 12) to base 3.
-112
Convert -1 (base 7) to base 6.
-1
What is 68 (base 10) in base 5?
233
0 (base 7) to base 9
0
What is 9 (base 13) in base 6?
13
Convert -105 (base 6) to base 13.
-32
2 (base 5) to base 10
2
Convert -20022 (base 3) to base 12.
-122
What is -7 (base 11) in base 14?
-7
-221 (base 13) to base 11
-302
Convert -115 (base 6) to base 4.
-233
4 (base 11) to base 6
4
Convert 1010111 (base 2) to base 11.
7a
12 (base 13) to base 16
f
What is 35 (base 15) in base 3?
1212
Convert 12 (base 13) to base 10.
15
Convert 43 (base 9) to base 10.
39
-116 (base 9) to base 7
-165
-2211 (base 3) to base 4
-1030
7 (base 14) to base 7
10
Convert 0 (base 2) to base 15.
0
Convert -255 (base 8) to base 14.
-c5
What is -1102 (base 6) in base 15?
-11e
-46 (base 12) to base 11
-4a
Convert -3 (base 13) to base 11.
-3
12 (base 5) to base 3
21
Convert 2 (base 7) to base 14.
2
-16 (base 8) to base 16
-e
Convert 1121 (base 3) to base 16.
2b
111 (base 6) to base 4
223
What is 1 (base 5) in base 8?
1
What is -1 (base 16) in base 15?
-1
Convert 7 (base 13) to base 2.
111
-17 (base 14) to base 7
-30
Convert -6 (base 7) to base 3.
-20
What is 0 (base 14) in base 15?
0
10 (base 8) to base 16
8
What is -121 (base 3) in base 12?
-14
Convert 2 (base 10) to base 14.
2
What is 232 (base 4) in base 10?
46
What is a (base 15) in base 6?
14
What is -14 (base 15) in base 5?
-34
What is 7 (base 16) in base 2?
111
What is -11112 (base 3) in base 9?
-145
What is 13 (base 5) in base 15?
8
What is 13 (base 10) in base 8?
15
What is 59 (base 16) in base 7?
155
Convert -18b (base 13) to base 14.
-164
Convert -12a (base 12) to base 2.
-10110010
What is 3 (base 5) in base 11?
3
-4 (base 15) to base 16
-4
What is 14 (base 15) in base 10?
19
What is 15 (base 7) in base 9?
13
What is -10 (base 3) in base 12?
-3
What is -4 (base 10) in base 12?
-4
Convert b8 (base 12) to base 4.
2030
What is 5 (base 9) in base 8?
5
What is -3 (base 9) in base 5?
-3
-1000 (base 3) to base 4
-123
Convert -24 (base 9) to base 16.
-16
Convert 3 (base 6) to base 14.
3
Convert 4c (base 15) to base 12.
60
-c (base 16) to base 14
-c
-10000 (base 2) to base 3
-121
Convert 8f (base 16) to base 2.
10001111
222 (base 9) to base 10
182
53 (base 16) to base 15
58
Convert 139 (base 13) to base 6.
1001
Convert 5 (base 14) to base 11.
5
Convert -40 (base 11) to base 15.
-2e
Convert -1131 (base 4) to base 10.
-93
What is -3 (base 6) in base 14?
-3
What is -1101 (base 2) in base 6?
-21
1155 (base 6) to base 11
241
What is -5 (base 10) in base 11?
-5
330 (base 8) to base 5
1331
5a (base 16) to base 5
330
Convert 2112 (base 3) to base 15.
48
What is 20 (base 12) in base 16?
18
What is 10 (base 5) in base 8?
5
What is 0 (base 3) in base 16?
0
5 (base 13) to base 11
5
Convert 20 (base 4) to base 5.
13
What is 6 (base 10) in base 4?
12
What is -147 (base 10) in base 16?
-93
What is 6 (base 13) in base 4?
12
What is -1c (base 14) in base 5?
-101
-5 (base 9) to base 10
-5
-6 (base 14) to base 4
-12
What is 1 (base 4) in base 5?
1
Convert 96 (base 10) to base 11.
88
Convert -12 (base 9) to base 12.
-b
Convert -3 (base 7) to base 4.
-3
What is -1 (base 13) in base 5?
-1
-10001110 (base 2) to base 12
-ba
Convert 1100 (base 5) to base 3.
12120
What is -2 (base 3) in base 7?
-2
Convert 0 (base 4) to base 12.
0
22 (base 3) to base 12
8
What is 47 (base 12) in base 10?
55
What is 3 (base 14) in base 4?
3
Convert 202 (base 4) to base 11.
31
Convert 1 (base 15) to base 2.
1
What is -56 (base 8) in base 14?
-34
What is -156 (base 7) in base 12?
-76
Convert -6 (base 14) to base 11.
-6
-1 (base 5) to base 10
-1
-13 (base 8) to base 12
-b
What is 57 (base 8) in base 6?
115
23 (base 5) to base 13
10
Convert 23 (base 4) to base 11.
10
4 (base 12) to base 7
4
Convert -10 (base 2) to base 5.
-2
-40 (base 10) to base 11
-37
Convert 128 (base 15) to base 5.
2023
What is 1 (base 7) in base 10?
1
Convert -165 (base 12) to base 3.
-22012
-5 (base 16) to base 7
-5
14 (base 11) to base 6
23
112 (base 5) to base 7
44
-1144 (base 5) to base 12
-126
2 (base 9) to base 7
2
4d (base 16) to base 5
302
What is -32 (base 8) in base 3?
-222
Convert -3 (base 12) to base 9.
-3
Convert 1000 (base 3) to base 15.
1c
Convert 1102 (base 3) to base 16.
26
What is 126 (base 13) in base 11?
173
Convert 24 (base 8) to base 14.
16
What is 20 (base 6) in base 8?
14
Convert -6 (base 11) to base 6.
-10
What is -4 (base 9) in base 6?
-4
What is -22 (base 6) in base 11?
-13
Convert c (base 16) to base 15.
c
What is 0 (base 8) in base 10?
0
Convert -10 